 - -4) + 32/8. Suppose x = -c*x + 6. What is d(x)?
-7
Let f(s) = -s**3 + 9*s + 8. Let k(m) = -m**3 + m**2 + 8*m + 7. Let v(j) = 3*f(j) - 4*k(j). Determine v(5).
-4
Let i(u) = -129*u**3 + 8*u**2 - 48*u + 5. Let o(t) = -86*t**3 + 5*t**2 - 30*t + 3. Let b(h) = 5*i(h) - 8*o(h). Give b(-1).
-42
Let l(t) be the second derivative of -t**4/12 + 2*t**2 + 271*t. Calculate l(-4).
-12
Let o(w) = -w - 7. Suppose i - 2*i + 7*i = 0. Let b be -5 - i*(-1)/2. Calculate o(b).
-2
Let g = 70 - 80. Let u(t) = t**2 + 10*t - 3. What is u(g)?
-3
Let h = -91 + 70. Let f = -17 - h. Let i(s) = -5*s**3 - 5*s**2 + s - 1. Let p(a) = -a**3 - 1. Let g(j) = i(j) - 6*p(j). Determine g(f).
-7
Let n(i) be the second derivative of i**3/3 - 9*i**2/2 + 30*i. Give n(7).
5
Let t(z) be the second derivative of z**3/3 - 3*z**2/2 - 2*z. Suppose -3*o - 4*o + 28 = 0. Determine t(o).
5
Let n be 30 - 25 - 125*1. Let t = n - -114. Let c(k) = k**2 + 4*k - 8. What is c(t)?
4
Let n(t) = t**2 + 5*t + 4. Let x be (-1 + 5)/(-4)*-2. Let u be x*(7/(-2) + -1). Let d(j) = j**3 + 9*j**2 - j - 13. Let l be d(u). Calculate n(l).
0
Let q(k) = -5*k - 2. Let i(t) = t**2 + 13*t + 46. Let s be i(-5). Determine q(s).
-32
Let h(m) = 2*m**2 + 4*m - 4. Let z(v) = -v**2 - 20*v - 48. Let k be z(-17). What is h(k)?
26
Let b(h) be the second derivative of h**3/6 - h**2/2 - 2*h. Let o be ((-12)/(-8))/(1/(-2)). Let d be 4 + 1 + 1*o. Determine b(d).
1
Let p(g) be the third derivative of -1/6*g**3 - 2*g**2 - 1/24*g**4 - 1/120*g**6 + 0*g + 1/30*g**5 + 0. Let t = -4 + 6. What is p(t)?
-3
Let x(m) = m + 10. Suppose 0 = -4*g - 64 + 44. Give x(g).
5
Let o(l) be the first derivative of l**4/4 + 10*l**3/3 + 4*l**2 - 71. Calculate o(-9).
9
Let f(n) = 2*n - 5. Suppose -3*j + 7 = h, 3*j - 2*j + 5*h = -7. Determine f(j).
1
Let b be (-1)/(-3) + 3*(-128)/72. Let a(u) = u**3 + 4*u**2 - 3*u + 4. Give a(b).
-6
Let g(i) = -9*i - 1. Let m = 3 - 13. Let u be 2/m - 182/(-10). Let j be 12/u + (-5)/3. What is g(j)?
8
Let b(w) be the third derivative of -7*w**6/120 + w**5/30 - w**4/24 + w**3/6 - 7*w**2. What is b(1)?
-5
Let v(x) = x + 4. Suppose 7*s = 8*s - 3, -2*y - 23 = -3*s. Calculate v(y).
-3
Let h = 30 - 27. Let r(k) = 6*k + k - 3*k - h*k. Calculate r(1).
1
Suppose 3 = 5*q - 2. Suppose -4*c - 9 = -q. Let b(r) = 17*r**2 + r - 1. Let f(j) = 82*j**2 + 5*j - 3. Let o(x) = 5*b(x) - f(x). Calculate o(c).
10
Let z(a) = 346*a - 333*a + 18 - 15. What is z(1)?
16
Let w be (4 - 2)/(1/2). Let r = -5 - w. Let u = r + 3. Let d(t) = t + 8. Give d(u).
2
Let h(y) = 1 + 1383*y - 3*y**2 - 1383*y. Give h(1).
-2
Let l(i) = i + i - 5*i + 11*i - 1 + i - i**2. Give l(8).
7
Let u(l) = -l + 4. Let o(h) = h - 5. Let s be o(8). Suppose -5*n = 2*y - 31, -3*n + 0*n = -s*y - 6. Suppose -w + 3*r + 8 = -4, 0 = -2*w + y*r + 15. Give u(w).
1
Let a(q) = -7*q**2 - 10*q + 16. Let n(i) = 2*i**2 + 2*i - 3. Let t(l) = 2*a(l) + 11*n(l). Give t(1).
9
Let m(z) = 2*z + 3. Let x be 10/(-3) + 3 - (-314)/6. Suppose -16 = -6*n - x. Give m(n).
-9
Let g(f) = f**3 - 7*f**2 + 4*f - 1. Suppose -3*u = 2*m + 2*m - 8, -3*m - u = -11. Let n(t) = t**2 - 2*t - 9. Let z be n(m). Determine g(z).
-13
Let m(r) = 7*r - 8. Suppose 6 + 14 = 4*v. Let a(j) = 9*j - 4. Let g(o) = 8*o - 4. Let d(p) = v*a(p) - 6*g(p). Let b(h) = 5*d(h) + 2*m(h). Determine b(4).
0
Let j(a) = 2*a + 7. Suppose 36 = 3*b - 3*x, -27*x + 25*x = 4. Determine j(b).
27
Let u(m) = -m**3 - 5*m**2 + 6*m - 6. Let x(p) = -p**2 + 11*p - 16. Let j be x(10). What is u(j)?
-6
Let w(z) be the first derivative of -2*z - 5/2*z**2 + 19 - 1/3*z**3. What is w(-5)?
-2
Let i be 25 - 0/(-1) - 1. Let u(l) = -8*l**3 + 9 + 2*l + 14 - i. Determine u(1).
-7
Let f = 10 - 4. Let o(y) = y**2 + 8*y + 8. Let g be o(-6). Let k(r) = -6*r + 5. Let a(p) = 11*p - 10. Let l(w) = g*a(w) - 7*k(w). Determine l(f).
-7
Let b(o) = -o**3 + o**2. Suppose -20 = -4*l - 3*n, 10 + 0 = 2*l + 2*n. Let k(z) = 4*z**3 - 7*z**2 + 3*z + 3. Let m(r) = l*b(r) + k(r). What is m(-3)?
3
Let c = 25 - 17. Let o(u) = c + 10 + 6 + 3*u - 23. Determine o(2).
7
Let n(r) = 9*r**3 - 6*r**2 - 6*r - 12. Let v(y) = 11*y**3 - 5*y**2 - 8*y - 12. Let k(m) = 5*n(m) - 4*v(m). Determine k(10).
8
Let c(i) = -4*i - 1. Let u(t) = -t**3 + 20*t - 4. Let n(l) = 5*c(l) + u(l). Calculate n(0).
-9
Let m(j) = -5*j**2 + 23*j + 13. Let z(i) = 3*i**2 - 15*i - 8. Let n(a) = -5*m(a) - 8*z(a). Determine n(-8).
23
Let o(g) = g**3 + 6*g**2 - 2*g - 2. Let y(f) be the first derivative of -f**4/4 + 11*f**3/3 + 11*f**2/2 + 6*f + 22. Let k be y(12). Determine o(k).
10
Let n(c) = -c**3 - c**2 + 1. Let w be n(0). Let z be (-6)/(-12)*4*w. Let r be ((-5)/z)/((-1)/2). Let d(y) = y - 6. Give d(r).
-1
Let o be ((-1317)/(-7))/3 - (-4)/14. Let z = o + -56. Let b(w) = w**2 - 5*w - 3. Calculate b(z).
11
Suppose 2*j + 4*j = 18. Let z(o) = o**3 + 0*o + o**2 + 1 + 3*o**j - 3*o**3 - 2*o. What is z(-2)?
1
Let c(s) = 4*s**3 + 4*s**2 - 4*s**3 - s**3 + 6*s + 1. Suppose 2*n + 36 = -0*n. Let j = n + 23. Calculate c(j).
6
Suppose 3*a = -4*o + 124, -4*o - 5*a = -3*o - 31. Let h = o - 21. Suppose -h*s + 5*s = 0. Let d(b) = b. Determine d(s).
0
Let z(v) = -3*v + 82. Let s be z(29). Let o(l) = l**3 + 5*l**2 + 5*l - 2. Determine o(s).
-27
Let d(k) = 4 - 21*k + 13*k + 13*k. Let n = -22 + 19. Let x = n + 6. Determine d(x).
19
Let w(g) be the second derivative of -g**5/20 - 7*g**4/12 - g**3 + 7*g**2/2 - 83*g - 2. Calculate w(-6).
7
Let x(r) = 2 - 339*r + 5 + 168*r**2 - 167*r**2 + 346*r. Suppose 0 = -k - 2*k - 18. Give x(k).
1
Let v(m) = m + 16. Let t(b) = -2*b**2 - 30*b - 41. Let y be t(-14). What is v(y)?
3
Let u = 14 + -10. Suppose 2*l + 23 = 6*l + j, 0 = -u*l + 5*j + 5. Let i(x) = -2*x + l - 2 + 2 + 1. What is i(5)?
-4
Let g(h) = -h + 4. Suppose 0 = 6*r - 4*r + 20. Let c = 3 + r. Determine g(c).
11
Suppose -3*w = -3*u - w + 21, -4 = -2*u - 2*w. Let d(k) = -4*k**2 + 5*k + 5. Let b(q) = 5*q**2 - 6*q - 4. Let h(v) = u*b(v) + 6*d(v). Give h(0).
10
Let m(k) = -k + 2. Let j be (-3)/(-5) + 26/(-10). Let h be (-72)/(-30) - j/(-5). Suppose -2*q + h = -q. Give m(q).
0
Let n(t) = 2*t - 52 - 43 + 79. Calculate n(7).
-2
Let g(p) be the third derivative of p**4/12 - p**3/3 + 385*p**2. Calculate g(3).
4
Let k(p) be the third derivative of -p**6/120 + p**5/15 + p**4/24 - 5*p**3/6 - 292*p**2. Determine k(4).
-1
Let o(n) = -n - 2. Let d be 688/24 - 1/(-3). Suppose -5*u - 4*w = -w + d, -u + 3*w + 5 = 0. Let g be u/(-5)*10/(-4). Determine o(g).
0
Let p(o) = -o**2 - 6 + 526*o + 2 - 510*o. Calculate p(16).
-4
Let t(l) = 5*l**3 + l**2 - 1. Suppose -9 = -r + 10*r. What is t(r)?
-5
Suppose 3*n - 18 = -0*n. Let l(r) = -10*r**3 + 11*r**3 - 2*r + 9*r - r - 7*r**2. Calculate l(n).
0
Suppose 2*k - 6 = -k. Let g = 11 + -6. Let h(s) = -3*s + k*s - g + 1. Give h(-6).
2
Let t(f) = 2*f - 5*f + 4*f. Suppose -8 = -2*i + 6. Suppose 0 = -p - 6 + i. Calculate t(p).
1
Let w(i) = -i**2 - i - 1. Let s(f) = -6*f**2 + 12*f - 28. Let n(a) = -s(a) + 5*w(a). Determine n(15).
-7
Let t(b) = 2*b + 1. Let s = 10 + -3. Suppose -s*o = -2*o + 35. Let z(g) = -g**2 - 8*g - 11. Let v be z(o). Give t(v).
-7
Let g(s) = -28*s + 4. Let q(k) = -1 + 14 - 2 - 83*k. Let v(b) = 8*g(b) - 3*q(b). Calculate v(1).
24
Let w(h) = h**3 + 6*h**2 + 2*h + 7. Suppose 0 = -0*f + f. Suppose 20 = -4*x + q, -3*x - 4*q - 34 = -f*x. Give w(x).
-5
Let t = 125 - 121. Suppose t*m + 6 = 26. Let v(j) = j**3 - 6*j**2 + 5*j + 11. Let l(s) = -s - 1. Let q(i) = 4*l(i) + v(i). What is q(m)?
-13
Let g(j) be the second derivative of j**5/24 - j**4/24 + 53*j**3/6 - 13*j. Let c(p) be the second derivative of g(p). Determine c(-5).
-26
Let a(b) be the third derivative of -21*b**2 + 0*b - 1/12*b**4 - b**3 + 0. What is a(6)?
-18
Let f(j) = 6*j - 5. Let i = -26 - -21. Let a(x) = -x - 1. Let p(d) = i*a(d) - f(d). Calculate p(6).
4
Let f(s) = -7 - 14*s**3 + 15*s**3 + 12 + 4 - 15*s + 6*s**2. Determine f(-8).
1
Let a(q) be the second derivative of q**4/12 - q**3/3 + 2*q**2 + 163*q. Suppose -5*i = 4 + 11. Give a(i).
19
Let a(l) = 19*l - 20. Let d be a(4). Let n(c) = 5*c + 55 - c - d - 2*c**2. Give n(3).
-7
Let l(h) = 2*h**2 + 6*h - 43. Let f be l(-14). Let n(i) = -4*i**2 + 5*i**2 + 262 - f. Give n(4).
13
Suppose 0 = 5*c + 5*o - 5, -2*c = -c + 4*o - 4. Let q(w) = -1 + 9 + 3 - w - 1. Determine q(c).
10
Let c be -2*(3/(-4))/((-3)/(-14)). Let w(b) = -8*b**2 + 1 + b